te the highest common factor of 3328 and 40.
8
Calculate the greatest common factor of 340 and 391.
17
What is the highest common factor of 123 and 2009?
41
Calculate the greatest common factor of 175 and 5.
5
What is the greatest common divisor of 5344 and 64?
32
Calculate the greatest common divisor of 845 and 364.
13
Calculate the greatest common divisor of 48 and 36.
12
What is the highest common factor of 33 and 6468?
33
What is the highest common divisor of 106 and 106?
106
What is the highest common divisor of 688 and 40?
8
Calculate the highest common divisor of 3294 and 1026.
54
What is the highest common divisor of 9552 and 48?
48
What is the greatest common divisor of 58 and 174?
58
Calculate the greatest common divisor of 5 and 22315.
5
Calculate the greatest common factor of 12 and 33.
3
Calculate the highest common factor of 114 and 1425.
57
What is the highest common divisor of 320 and 710?
10
Calculate the highest common factor of 202 and 9898.
202
What is the highest common factor of 1870 and 110?
110
What is the greatest common divisor of 64 and 2?
2
What is the highest common divisor of 5145 and 105?
105
What is the highest common divisor of 10 and 4105?
5
Calculate the highest common divisor of 69 and 12.
3
Calculate the greatest common factor of 246 and 6.
6
Calculate the highest common factor of 8 and 3272.
8
What is the highest common factor of 22 and 451?
11
What is the highest common divisor of 972 and 12?
12
What is the highest common divisor of 70 and 182?
14
What is the highest common factor of 1271 and 837?
31
Calculate the highest common factor of 40 and 180.
20
What is the highest common factor of 308 and 336?
28
Calculate the greatest common factor of 320 and 1420.
20
Calculate the greatest common divisor of 256 and 12.
4
Calculate the highest common divisor of 609 and 567.
21
Calculate the greatest common divisor of 81445 and 35.
35
Calculate the highest common factor of 50 and 150.
50
What is the highest common factor of 33 and 33?
33
What is the highest common factor of 512 and 24?
8
What is the greatest common divisor of 6 and 7308?
6
What is the highest common divisor of 5763 and 51?
51
What is the highest common factor of 26292 and 84?
84
Calculate the highest common factor of 22 and 1562.
22
Calculate the greatest common factor of 63 and 252.
63
Calculate the highest common factor of 744 and 48.
24
Calculate the highest common factor of 147 and 392.
49
What is the greatest common divisor of 98 and 4802?
98
What is the highest common divisor of 18 and 3582?
18
What is the greatest common divisor of 994 and 182?
14
What is the greatest common divisor of 42 and 812?
14
What is the highest common divisor of 156 and 1196?
52
What is the greatest common factor of 21 and 5649?
21
Calculate the highest common factor of 36 and 4.
4
Calculate the highest common factor of 1643 and 341.
31
Calculate the greatest common factor of 1990 and 20.
10
Calculate the highest common factor of 3611 and 314.
157
What is the greatest common divisor of 17 and 1037?
17
Calculate the greatest common factor of 496 and 512.
16
What is the highest common divisor of 1940 and 20?
20
What is the greatest common divisor of 52 and 273?
13
Calculate the greatest common divisor of 34 and 68.
34
What is the highest common factor of 2248 and 8?
8
What is the highest common divisor of 174 and 986?
58
What is the highest common divisor of 8066 and 296?
74
Calculate the greatest common factor of 148 and 12.
4
Calculate the highest common divisor of 62 and 682.
62
What is the highest common divisor of 252 and 36?
36
Calculate the greatest common divisor of 309 and 15.
3
Calculate the highest common factor of 48 and 474.
6
What is the highest common factor of 4508 and 56?
28
What is the highest common divisor of 2064 and 3354?
258
What is the highest common divisor of 667 and 116?
29
What is the highest common factor of 2052 and 95?
19
Calculate the highest common divisor of 16 and 1744.
16
Calculate the greatest common factor of 2926 and 627.
209
Calculate the greatest common divisor of 119 and 34.
17
What is the highest common factor of 10055 and 5?
5
What is the highest common divisor of 896 and 280?
56
What is the highest common divisor of 80 and 45?
5
Calculate the highest common factor of 4930 and 58.
58
What is the highest common divisor of 14 and 6811?
7
Calculate the greatest common divisor of 52530 and 103.
103
What is the greatest common factor of 98 and 49?
49
What is the highest common factor of 2 and 256?
2
Calculate the highest common factor of 368 and 32.
16
What is the highest common divisor of 176 and 32?
16
What is the greatest common factor of 230 and 1630?
10
Calculate the highest common factor of 8 and 46.
2
Calculate the highest common factor of 4088 and 392.
56
Calculate the greatest common factor of 854 and 518.
14
What is the greatest common divisor of 165 and 22?
11
Calculate the greatest common factor of 12 and 492.
12
What is the highest common divisor of 46968 and 309?
309
What is the greatest common divisor of 9259 and 197?
197
What is the greatest common divisor of 427 and 7?
7
What is the highest common divisor of 3268 and 76?
76
Calculate the highest common factor of 12 and 282.
6
What is the highest common divisor of 161 and 46?
23
What is the highest common factor of 80 and 64?
16
Calculate the greatest common factor of 280 and 392.
56
Calculate the highest common divisor of 64 and 5408.
32
Calculate the highest common factor of 340 and 3230.
170
Calculate the highest common divisor of 13853 and 7.
7
What is the greatest common factor of 104 and 48?
8
What is the highest common divisor of 3 and 79?
1
Calculate the highest common factor of 486 and 36.
18
Calculate the highest common divisor of 16 and 112.
16
What is the highest common factor of 3111 and 34?
17
Calculate the greatest common divisor of 64 and 1.
1
What is the greatest common divisor of 28 and 11522?
14
What is the greatest common factor of 19 and 209?
19
What is the highest common divisor of 170 and 50?
10
Calculate the greatest common divisor of 1431 and 27.
27
Calculate the greatest common factor of 160 and 352.
32
What is the highest common factor of 34 and 391?
17
What is the greatest common factor of 14 and 1134?
14
Calculate the greatest common factor of 117 and 78.
39
What is the highest common divisor of 40 and 990?
10
Calculate the greatest common divisor of 205 and 80.
5
What is the highest common divisor of 132 and 66?
66
Calculate the greatest common factor of 28821 and 13.
13
What is the greatest common divisor of 324 and 12?
12
Calculate the greatest common factor of 1649 and 194.
97
Calculate the highest common factor of 62160 and 112.
112
What is the highest common factor of 4224 and 6?
6
What is the highest common divisor of 65 and 104?
13
Calculate the highest common factor of 81 and 378.
27
What is the highest common divisor of 78 and 338?
26
Calculate the greatest common divisor of 2 and 128.
2
What is the greatest common factor of 551 and 19?
19
Calculate the highest common factor of 5734 and 752.
94
Calculate the greatest common divisor of 132 and 2532.
12
What is the greatest common divisor of 408 and 8?
8
Calculate the highest common factor of 288 and 120.
24
What is the greatest common factor of 624 and 117?
39
What is the highest common divisor of 112 and 3864?
56
Calculate the greatest common factor of 240 and 75.
15
Calculate the greatest common factor of 248 and 2015.
31
Calculate the greatest common divisor of 250 and 17650.
50
What is the highest common divisor of 17877 and 295?
59
What is the greatest common divisor of 157 and 314?
157
Calculate the greatest common factor of 84 and 1197.
21
What is the greatest common factor of 162 and 2997?
81
Calculate the highest common factor of 88 and 1386.
22
What is the greatest common factor of 195 and 52?
13
What is the greatest common factor of 574 and 35?
7
What is the greatest common factor of 31 and 6169?
31
Calculate the highest common divisor of 62 and 25668.
62
Calculate the highest common divisor of 2670 and 40.
10
What is the highest common divisor of 23103 and 153?
153
Calculate the highest common divisor of 60 and 12.
12
What is the greatest common factor of 75